hat is -10 (base 5) in base 15?
-5
Convert 64 (base 12) to base 6.
204
Convert 0 (base 8) to base 7.
0
What is -4 (base 10) in base 12?
-4
-d9 (base 14) to base 5
-1231
Convert -45 (base 9) to base 2.
-101001
-1a (base 14) to base 2
-11000
Convert 111111 (base 2) to base 15.
43
Convert -1 (base 9) to base 14.
-1
What is 10 (base 12) in base 2?
1100
Convert -2 (base 4) to base 16.
-2
Convert 3232 (base 4) to base 11.
1a7
Convert 10101100 (base 2) to base 9.
211
What is 4 (base 5) in base 2?
100
Convert 31 (base 14) to base 2.
101011
What is -4 (base 9) in base 2?
-100
What is -9 (base 10) in base 3?
-100
Convert 0 (base 10) to base 2.
0
What is -2 (base 7) in base 12?
-2
-9 (base 10) to base 12
-9
What is -15 (base 7) in base 2?
-1100
-18 (base 10) to base 2
-10010
-10 (base 6) to base 4
-12
3 (base 7) to base 11
3
What is -56 (base 8) in base 2?
-101110
Convert -3 (base 16) to base 9.
-3
Convert -22 (base 11) to base 10.
-24
Convert 0 (base 4) to base 3.
0
Convert -172 (base 8) to base 7.
-233
Convert 5 (base 12) to base 9.
5
-1b (base 16) to base 5
-102
Convert 2 (base 16) to base 6.
2
What is 4 (base 7) in base 8?
4
Convert 20 (base 14) to base 5.
103
What is 0 (base 14) in base 8?
0
What is -13 (base 12) in base 4?
-33
What is 16 (base 16) in base 3?
211
What is -db (base 15) in base 16?
-ce
Convert -4 (base 8) to base 2.
-100
Convert -8 (base 15) to base 11.
-8
a1 (base 15) to base 16
97
3 (base 12) to base 11
3
What is 32 (base 7) in base 3?
212
What is -1120 (base 5) in base 15?
-aa
What is 6 (base 15) in base 16?
6
Convert -2d (base 16) to base 15.
-30
-9 (base 15) to base 16
-9
-356 (base 10) to base 13
-215
323 (base 6) to base 9
146
12 (base 3) to base 11
5
Convert 132 (base 4) to base 6.
50
-1 (base 3) to base 12
-1
Convert -a (base 16) to base 11.
-a
Convert 100 (base 2) to base 8.
4
-44 (base 5) to base 2
-11000
What is -7a (base 11) in base 7?
-153
What is -13 (base 5) in base 16?
-8
What is a (base 15) in base 11?
a
What is 18a (base 12) in base 11?
208
What is 1 (base 4) in base 14?
1
13 (base 4) to base 15
7
What is 166 (base 8) in base 6?
314
-5 (base 11) to base 7
-5
Convert -17 (base 13) to base 9.
-22
Convert -33 (base 12) to base 8.
-47
-13 (base 6) to base 14
-9
Convert 1 (base 12) to base 3.
1
Convert 57 (base 14) to base 10.
77
Convert -8 (base 12) to base 15.
-8
What is 1 (base 12) in base 2?
1
What is 1011111 (base 2) in base 14?
6b
3 (base 16) to base 8
3
-43 (base 7) to base 11
-29
Convert 5 (base 16) to base 13.
5
What is 1 (base 10) in base 8?
1
Convert -1 (base 6) to base 15.
-1
-11011010 (base 2) to base 11
-189
What is 22 (base 14) in base 6?
50
What is 142 (base 10) in base 5?
1032
What is -131 (base 5) in base 8?
-51
-21 (base 5) to base 4
-23
What is 21 (base 8) in base 12?
15
-3 (base 13) to base 6
-3
-122 (base 3) to base 8
-21
What is 1 (base 3) in base 13?
1
Convert 31 (base 5) to base 2.
10000
What is -1120 (base 3) in base 6?
-110
What is -132 (base 8) in base 5?
-330
-16 (base 15) to base 16
-15
What is -6 (base 11) in base 15?
-6
Convert 1102 (base 3) to base 12.
32
What is -3 (base 6) in base 15?
-3
10 (base 14) to base 3
112
Convert c (base 15) to base 8.
14
What is -7 (base 16) in base 5?
-12
4 (base 10) to base 14
4
Convert -27 (base 10) to base 15.
-1c
Convert 0 (base 16) to base 10.
0
Convert 1 (base 4) to base 11.
1
2d (base 16) to base 4
231
Convert 4 (base 6) to base 15.
4
What is 0 (base 12) in base 7?
0
What is -1 (base 12) in base 10?
-1
What is 231 (base 6) in base 13?
70
What is -46 (base 12) in base 4?
-312
-148 (base 10) to base 5
-1043
Convert 10 (base 2) to base 9.
2
Convert -1 (base 15) to base 12.
-1
Convert 2 (base 7) to base 8.
2
What is -305 (base 6) in base 16?
-71
Convert -2 (base 3) to base 5.
-2
Convert 131 (base 6) to base 15.
3a
0 (base 11) to base 6
0
32 (base 8) to base 9
28
What is -120 (base 3) in base 16?
-f
What is -20 (base 11) in base 10?
-22
Convert -4 (base 16) to base 15.
-4
Convert -222 (base 9) to base 7.
-350
What is 8 (base 14) in base 11?
8
Convert 11 (base 11) to base 8.
14
What is -6 (base 7) in base 6?
-10
-118 (base 12) to base 6
-432
What is 7a (base 12) in base 6?
234
Convert -50 (base 13) to base 6.
-145
What is -14 (base 6) in base 10?
-10
0 (base 5) to base 13
0
Convert 6 (base 11) to base 14.
6
What is -1 (base 8) in base 16?
-1
What is 5 (base 16) in base 11?
5
-a (base 11) to base 6
-14
Convert -221 (base 3) to base 9.
-27
Convert -4 (base 13) to base 12.
-4
Convert -1 (base 15) to base 5.
-1
What is 100 (base 3) in base 7?
12
-1 (base 11) to base 15
-1
What is 112 (base 3) in base 11?
13
20 (base 5) to base 8
12
Convert -13 (base 7) to base 8.
-12
What is -212 (base 4) in base 9?
-42
-10 (base 8) to base 5
-13
111 (base 2) to base 9
7
Convert 10 (base 4) to base 3.
11
What is -3 (base 8) in base 16?
-3
Convert 1100 (base 2) to base 15.
c
What is 11011 (base 2) in base 3?
1000
Convert -1001 (base 2) to base 5.
-14
Convert 2 (base 9) to base 12.
2
What is 340 (base 5) in base 10?
95
-4 (base 13) to base 16
-4
What is -100010 (base 2) in base 14?
-26
0 (base 7) to base 12
0
What is -42 (base 11) in base 2?
-101110
Convert -467 (base 8) to base 3.
-102112
Convert -15 (base 13) to base 2.
-10010
What is -17 (base 11) in base 3?
-200
21 (base 3) to base 12
7
What is -96 (base 15) in base 5?
-1031
10 (base 5) to base 7
5
14 (base 9) to base 5
23
Convert -6 (base 10) to base 4.
-12
1 (base 4) to base 16
1
What is 404 (base 6) in base 2?
10010100
Convert -10 (base 14) to base 7.
-20
What is 5 (base 11) in base 15?
5
What is 83 (base 14) in base 16?
73
21 (base 10) to base 6
33
-145 (base 8) to base 9
-122
Convert 45 (base 14) to base 7.
115
Convert 7 (base 13) to base 7.
10
What is -4 (base 10) in base 16?
-4
Convert 28 (base 16) to base 12.
34
Convert 100100 (base 3) to base 9.
310
What is 5 (base 16) in base 3?
12
Convert -21 (base 7) to base 5.
-30
26 (base 8) to base 14
18
31 (base 13) to base 9
44
-46 (base 12) to base 8
-66
Convert -24 (base 5) to base 13.
-11
-1 (base 5) to base 9
-1
-10 (base 7) to base 14
-7
What is -22 (base 13) in base 8?
-34
Convert 5 (base 13) to base 12.
5
Convert -37 (base 8) to base 11.
-29
-11 (base 3) to base 6
-4
-213 (base 4) to base 13
-30
What is -1 (base 9) in base 8?
-1
What is aa (base 16) in base 2?
10101010
-1 (base 13) to base 2
-1
Convert 8 (base 12) to base 9.
8
What is -177 (base 11) in base 13?
-12a
What is -3 (base 7) in base 16?
-3
What is -3 (base 16) in base 10?
-3
1 (base 3) to base 8
1
300 (base 8) to base 15
cc
-3 (base 4) to base 3
-10
12 (base 9) to base 5
21
Convert 7 (base 8) to base 2.
111
What is 1 (base 6) in base 5?
1
Convert -331 (base 5) to base 4.
-1123
Convert 131 (base 4) to base 16.
1d
What is 1 (base 7) in base 4?
1
29 (base 11) to base 15
21
-19 (base 10) to base 12
-17
What is 1010 (base 3) in base 8?
36
5 (base 7) to base 10
5
What is 4 (base 12) in base 16?
4
Convert -2 (base 8) to base 14.
-2
Convert 2 (base 13) to base 14.
2
2 (base 4) to base 8
2
5e (base 16) to base 13
73
-2 (base 9) to base 10
-2
-2 (base 16) to base 8
-2
What is -1 (base 11) in base 15?
-1
What is 7 (base 9) in base 5?
12
Convert -6 (base 13) to base 5.
-11
What is 1021 (base 3) in base 12?
2a
Convert -12 (base 12) to base 5.
-24
Convert -1 (base 11) to base 10.
-1
What is 111 (base 2) in base 5?
12
Convert 28 (base 15) to base 5.
123
-a0 (base 14) to base 3
-12012
What is 18 (base 11) in base 2?
10011
-2 (base 9) to base 2
-10
What is 10 (base 3) in base 10?
3
4 (base 12) to base 4
10
What is 18 (base 14) in base 5?
42
Convert 2 (base 14) to base 5.
2
-4 (base 12) to base 3
-11
What is 33 (base 11) in base 13?
2a
What is -350 (base 6) in base 13?
-a8
Convert 154 (base 15) to base 10.
304
Convert 2 (base 5) to base 8.
2
4 (base 9) to base 8
4
-44 (base 16) to base 2
-1000100
2 (base 4) to base 10
2
-9 (base 10) to base 5
-14
-2 (base 11) to base 3
-2
Convert 205 (base 9) to base 11.
142
What is d (base 16) in base 7?
16
Convert 0 (base 14) to base 2.
0
Convert 2010 (base 3) to base 7.
111
What is 4 (base 14) in base 13?
4
What is 24 (base 6) in base 5?
31
14 (base 16) to base 6
32
What is -11 (base 6) in base 4?
-13
What is -29 (base 14) in base 12?
-31
Convert -36 (base 10) to base 16.
-24
What is -